(-6)?
26
What is the remainder when 7/21 - (-1200)/72 is divided by 12?
5
Let x be 129/(-15) - (0 - 21/35). Calculate the remainder when (-4)/(x*2/300) is divided by 36.
3
Calculate the remainder when (-5 + 873/27)*3 is divided by 43.
39
Let f = 24 - 21. Suppose -15*a + 2024 = -7*a. Suppose 3*p = -8*p + a. What is the remainder when p is divided by f?
2
What is the remainder when 550 is divided by 1156/36 + (-260)/234?
23
Suppose -32*w + 53 - 21 = 0. Calculate the remainder when 6 is divided by w.
0
Let w = -158 - -227. Let s = -63 + w. Let o = 17 - 7. What is the remainder when o is divided by s?
4
Let p(o) be the second derivative of o**4/6 - 5*o**3/3 - 19*o**2/2 + o - 127. What is the remainder when 111 is divided by p(-3)?
24
Calculate the remainder when 85 is divided by ((-480)/140)/(4 + (-59)/14).
5
Let q = 50 - 52. Let z(l) = 6*l**2 + 5*l + 12. Calculate the remainder when z(q) is divided by ((-45)/(-1))/3 - -1.
10
Let k = 12 - 5. Let c(u) = -8*u + 266. Suppose -32 = -q - 2*l, -5*q + 2*l = -96 - 52. What is the remainder when c(q) is divided by k?
5
Let j = 4 + -4. Let l(f) = -f + 57 + 0*f - 3*f + 3*f. Calculate the remainder when l(j) is divided by 10.
7
Suppose -44*a + 12465 = -21315 - 17172. What is the remainder when a is divided by 92?
54
Let r be 20/(-35) + (-9)/((-126)/8). Suppose -2*c + 5*o + 47 = r, 2*o - 17 = -2*c - 3*o. What is the remainder when 206 is divided by c?
14
Suppose 8 = -5*v + c + c, -2*v - 8 = -2*c. Suppose v*n + 277 = 5*d - 3*n, 5*d + n = 281. Calculate the remainder when d is divided by 15.
11
Let t(z) = z**2 + 13*z + 5. Let r be t(9). Let d = r - 187. What is the remainder when 58 is divided by d?
10
Suppose 3*w = 6, -2*k - 3*w = -5*k + 27. Suppose 0*s - 132 = -3*m - 3*s, 0 = 2*m - s - 94. What is the remainder when m is divided by k?
2
Let b(v) = 5*v**3 - 2*v**2 + 22*v - 49. Calculate the remainder when 352 is divided by b(3).
84
Let f = -13589 + 13630. Calculate the remainder when (-5394)/(-27) - (-4)/18 is divided by f.
36
Let u(a) = 2*a**2 + 53*a - 53. What is the remainder when u(-30) is divided by 63?
31
Suppose -337 = -5*x + 168. Suppose -d + 3*v - 26 + 61 = 0, d + 5*v = 59. What is the remainder when x is divided by d?
13
Suppose 0 = -2*s - 2, -u + 1553*s = 1551*s - 65. Calculate the remainder when u is divided by 39.
24
Let h(b) = -4*b - 43. Let q = -69 + 85. Suppose -4*z = q, 4*x + 51 = -5*z - 49. Calculate the remainder when 73 is divided by h(x).
36
Let s(b) = -95*b**3 + b**2 - b - 1. Calculate the remainder when s(-1) is divided by 90/5*3/18 - -18.
12
Suppose 0 = l - 3*m - 986, 3*l - 4*m + m - 2940 = 0. Calculate the remainder when l is divided by 20.
17
Let x(r) = -11*r**2 - r + 2. Let t be x(2). Let a = -42 - t. Suppose 2*l - 12 = 5*z - 1, -a*l + 31 = -z. Calculate the remainder when l is divided by 5.
3
Let c(v) = 15*v**2 + 18*v - 64. Let t be 2/13 + (-1221)/(-429). What is the remainder when c(t) is divided by 56?
13
Let k(j) = 2*j**2 + 8*j - 5. Suppose a + 2*c + 4 = 0, 5*a = -2*c + 5 + 7. What is the remainder when 128 is divided by k(a)?
10
Let z = 47 + -22. Let w = 240 - 70. Let l = w + -121. Calculate the remainder when l is divided by z.
24
Let u(z) = -3*z. Let c be u(2). Let n = -331 - -340. What is the remainder when 18 is divided by c/n*-3 + 2?
2
Suppose v - 3*d - 207 = -71, -d + 568 = 5*v. What is the remainder when v is divided by 53?
9
Suppose -5*z + 27 = -s, 4*z - 6 = -2*s + 2*z. Let x(w) = 57*w**2 + 7*w + 4. Let i be x(s). Let h = -21 + i. What is the remainder when h is divided by 33?
32
Suppose 46*v - 54*v = -28*v + 307820. What is the remainder when v is divided by 74?
73
Suppose 2*c = -2*u + 18, -2*c + 2*u + 6 = -0*u. Let f be ((-9)/6 + 1)*c + 246. Let t = f + -114. Calculate the remainder when t is divided by 26.
25
Suppose -c + 63 = -0*c + 3*f + 15, 5*f - 35 = 0. Let s(m) = 17*m**2 + 1. What is the remainder when c is divided by s(1)?
9
Let r(x) be the third derivative of x**5/60 + x**4/24 - 5*x**3/6 + 40*x**2. What is the remainder when r(-6) is divided by 10?
5
Suppose -118*q + 9*q + 4796 = 0. Suppose -12 + 33 = -p - 5*d, -33 = -2*p + 5*d. Suppose 53 = p*v - 7. What is the remainder when q is divided by v?
14
Let y(x) = -116*x - 345. What is the remainder when 946 is divided by y(-3)?
1
Let r = 7720 + -7527. What is the remainder when r is divided by 23?
9
Suppose -119 = -l - z, 9*z - 5*z - 597 = -5*l. What is the remainder when 1200 is divided by l?
111
Suppose -4*q + 5*n = -900 - 55, 0 = q - 3*n - 244. Calculate the remainder when q is divided by 56.
11
Let n(j) = -j**3 - 3*j**2 - j + 3. Let c be n(-2). Let s = 28 - c. Suppose s = a + 8. Calculate the remainder when a is divided by 11.
8
Let h = 4236 + -4029. What is the remainder when h is divided by 105?
102
Calculate the remainder when ((-20)/6)/5*249345/(-90) is divided by 232.
223
Suppose 4*o + 5*f - 63 = 0, -3*f - 54 = -5*o + 2*o. Suppose -1143*d + 457896 = -102174. Calculate the remainder when d is divided by o.
14
Let f = -3386 + 3443. What is the remainder when 82 is divided by f?
25
Suppose -x + 1087 + 135 = -3*z, -4*z = 4*x - 4936. Calculate the remainder when x is divided by 11.
10
Let p(i) = 53*i**2 + 165*i - 1191. What is the remainder when p(7) is divided by 57?
53
Let s(r) = r**2 - 23*r + 2. Let t be s(5). Let c = -61 - -36. Let o = c - t. Calculate the remainder when o is divided by 13.
11
Suppose 3*j = 3*d - 42, 14*d - 15*d - 3*j = 2. Calculate the remainder when 569 is divided by 1221/110 - 1/d.
8
Suppose w + 1 = -2*s, -12*w + 10*w - s + 4 = 0. What is the remainder when (-10)/((-140)/(-147))*(-16)/w is divided by 4?
0
Suppose -t = -5*s - 4, -5*t + 3*s = 4*s - 20. Suppose -m - t = 46. Let v = m + 65. What is the remainder when 59 is divided by v?
14
Let z(j) = j**3. Let r be z(0). Suppose r = 5*c - t - 35, -4*c - 1 = 2*t - 43. Calculate the remainder when 21 is divided by c.
5
Let u be -16 - -13 - (-2 + 1)*187. Let j = u + -40. What is the remainder when j is divided by 17?
8
Calculate the remainder when 29/(2175/(-30)) + (2944/10 - 3) is divided by 6.
3
Let r = -34 - -34. Suppose 2*p = -3*i - 11, i + r*i = -3*p + 1. Let b(y) = -y**2 - 10*y + 5. Calculate the remainder when b(i) is divided by 16.
14
Suppose 45*w - 40*w - 545 = 0. Suppose 0 = -u - 2*b + w - 32, 0 = -2*b. What is the remainder when u is divided by 23?
8
Calculate the remainder when 381 is divided by 1/(4/24) - 945/(-9).
48
Let a(h) = 7*h + 4. Let s be -6 + (-9 - -5) + 5. What is the remainder when 119 + 5/5*(s + 0) is divided by a(5)?
36
Let s(n) = -2*n + 30. Let f be s(13). Suppose -b = -o + 2*o + f, -2*b + 17 = -3*o. Calculate the remainder when 38 is divided by o + 150/8 + 6/(-8).
12
Let t = 32700 + -31273. Calculate the remainder when 4290 is divided by t.
9
Suppose 40*y - 3*y - 423660 = -55*y. Calculate the remainder when y is divided by 94.
93
Suppose -16 + 114 = -i. Let t = 114 + i. Calculate the remainder when t is divided by 12.
4
Let n(j) = 664*j + 7480. What is the remainder when n(-7) is divided by 218?
216
Suppose 130*m = 135*m - 10. Calculate the remainder when (-8)/(2 - 6)*11/m is divided by 8.
3
Let s = 70 - 67. Suppose 0 = 3*q - 2*m + 3 - 47, -2*m = s*q - 64. Calculate the remainder when 11 is divided by (1 + 4)/(15/q).
5
Suppose -2*x + 29 = -35. Calculate the remainder when ((-34)/187)/((24/(-7744))/3) is divided by x.
16
Suppose 147*d + 2698 = -150*d + 42199. Let v = -56 - -83. Calculate the remainder when d is divided by v.
25
Let u be -6 - 1*(-2 + 2). Suppose -1197*r - 260*r + 50995 = 0. Calculate the remainder when u/21 - (-1950)/14 is divided by r.
34
Let w(k) be the first derivative of k**3/3 + 5*k**2 - 19*k + 10. What is the remainder when 227 is divided by w(2)?
2
Let i(x) = -355*x - 6964. Suppose 2*n = 3*n - 42. What is the remainder when i(-20) is divided by n?
10
Suppose 0 = 4*c - 0*c + 5*r, 3*c - 4*r = 31. Suppose 3*h - 75 = -5*a, h + 14 = 2*a - 5. Suppose -c*y = -a + 2. What is the remainder when y is divided by 2?
0
Suppose 589*y - 2079 = 526*y. Suppose -5*u + 2065 = -285. Suppose 3*h - u = -2*h. What is the remainder when h is divided by y?
28
Let y(t) = 17*t**2 - t - 7. Let k be (80/(-60))/(((-32)/12)/(-4)). What is the remainder when y(k) is divided by 22?
19
Let y(c) be the third derivative of -c*